
What is the greatest common divisor of 189410 and 4875?
65
Calculate the greatest common divisor of 2350953 and 473.
11
Calculate the greatest common divisor of 1937182 and 78.
26
What is the highest common divisor of 90288 and 52364?
76
What is the greatest common divisor of 32586 and 61398?
6
Calculate the highest common factor of 8473 and 28725531.
229
Calculate the greatest common factor of 29213965 and 187.
11
What is the highest common factor of 15279090 and 765?
255
What is the greatest common factor of 30749288 and 8?
8
Calculate the greatest common divisor of 5165879 and 50269.
2957
What is the greatest common factor of 401320 and 9224?
8
What is the highest common divisor of 21842931 and 1055?
211
What is the highest common divisor of 4363473 and 82983?
597
Calculate the highest common divisor of 489566 and 4062184.
4046
Calculate the greatest common factor of 7598 and 2083162.
262
What is the highest common factor of 691475 and 22355?
85
Calculate the highest common divisor of 155375 and 94325.
275
What is the greatest common divisor of 95087250 and 16470?
270
What is the highest common divisor of 12312 and 1207629?
81
What is the highest common factor of 8 and 92152568?
8
What is the greatest common divisor of 7739 and 23525361?
109
What is the highest common factor of 1508 and 2400040?
116
Calculate the highest common divisor of 855387 and 2970.
27
Calculate the highest common divisor of 37 and 334123061.
37
Calculate the highest common divisor of 5364162 and 198.
18
Calculate the highest common factor of 156 and 84678243.
39
What is the greatest common factor of 4617 and 6055167?
57
Calculate the highest common divisor of 500635 and 22001.
449
Calculate the greatest common factor of 4459 and 5407493.
637
Calculate the greatest common factor of 4476950 and 1689120.
3910
Calculate the highest common factor of 122 and 227767351.
61
Calculate the greatest common factor of 271596 and 29445.
39
Calculate the highest common factor of 235 and 5517283.
47
Calculate the highest common divisor of 19165191 and 21441.
3063
What is the highest common divisor of 144 and 18631764?
36
Calculate the greatest common divisor of 6087442 and 10.
2
Calculate the greatest common factor of 20524 and 610036.
28
Calculate the greatest common factor of 42648120 and 54.
54
What is the highest common factor of 67921398 and 954?
18
What is the greatest common factor of 2711858 and 32741?
1129
What is the highest common divisor of 3694949 and 152?
19
Calculate the greatest common factor of 17742 and 496802613.
8871
What is the greatest common factor of 150015726 and 2268?
1134
What is the highest common factor of 2673 and 327042?
9
What is the highest common factor of 52204 and 7099?
31
Calculate the highest common divisor of 214624 and 4304.
16
Calculate the highest common divisor of 57978558 and 11.
11
Calculate the highest common divisor of 166161269 and 3818.
1909
Calculate the greatest common divisor of 38 and 113139034.
38
What is the greatest common factor of 1292 and 829668?
68
What is the greatest common divisor of 154 and 32329?
11
What is the highest common divisor of 19580600 and 2040?
680
Calculate the greatest common divisor of 10552359 and 612.
51
What is the greatest common factor of 2607 and 2281757?
79
What is the greatest common divisor of 2297551 and 2217?
739
What is the highest common factor of 56731829 and 4774?
2387
What is the greatest common factor of 4695 and 594410?
5
What is the highest common divisor of 20 and 1059607420?
20
What is the greatest common factor of 100350 and 50130?
90
What is the highest common factor of 1336164 and 36?
12
What is the highest common factor of 559587 and 1344?
21
Calculate the highest common divisor of 1004092 and 10726.
346
Calculate the highest common divisor of 459342 and 763542.
3042
Calculate the greatest common divisor of 576245698 and 14.
14
What is the greatest common factor of 34148 and 28?
4
Calculate the greatest common divisor of 4391727 and 141.
141
What is the greatest common divisor of 3507 and 4530543?
501
What is the greatest common divisor of 20968 and 4096?
8
Calculate the highest common factor of 272187 and 64209.
51
Calculate the greatest common divisor of 63750 and 68340.
510
Calculate the greatest common divisor of 511522 and 2288.
22
Calculate the highest common factor of 3160 and 44553472.
632
What is the greatest common factor of 10607485 and 4025?
805
Calculate the greatest common divisor of 78696 and 240.
24
What is the greatest common divisor of 849111 and 15703?
383
What is the highest common factor of 176125 and 46497?
1409
Calculate the highest common factor of 72 and 12258784.
8
Calculate the greatest common factor of 76464 and 119568.
48
Calculate the highest common factor of 1611 and 61482741.
537
Calculate the greatest common factor of 1521 and 2023944.
507
Calculate the greatest common divisor of 223595 and 129626.
197
Calculate the highest common divisor of 12 and 873933.
3
What is the greatest common divisor of 62891 and 427?
61
What is the highest common divisor of 424375 and 89628?
679
What is the highest common divisor of 12851663 and 39589?
671
Calculate the greatest common factor of 118381 and 37513.
23
Calculate the highest common divisor of 70464 and 557106.
2202
Calculate the greatest common factor of 595 and 257215.
35
Calculate the greatest common factor of 21632266 and 618.
206
What is the greatest common divisor of 1454279824 and 272?
272
What is the greatest common divisor of 155 and 13517333?
31
What is the greatest common divisor of 66130 and 470?
10
What is the highest common factor of 84 and 2264024?
28
Calculate the greatest common factor of 56826 and 651.
21
Calculate the greatest common factor of 43 and 19536190.
43
What is the greatest common factor of 18643030 and 6370?
490
What is the highest common divisor of 58251741 and 51?
51
What is the greatest common divisor of 4880476 and 4?
4
Calculate the greatest common factor of 2910973 and 208.
13
What is the highest common factor of 533 and 5833503?
13
What is the highest common divisor of 51944155 and 20?
5
What is the highest common divisor of 35370909 and 2044?
511
What is the greatest common divisor of 1231864 and 33368?
344
What is the greatest common divisor of 7371 and 21970?
13
Calculate the highest common divisor of 359342467 and 6886.
3443
What is the greatest common factor of 514 and 87566582?
514
What is the highest common divisor of 9877461 and 858?
33
What is the greatest common divisor of 3861 and 270699?
429
What is the highest common factor of 37931 and 795638?
83
Calculate the greatest common divisor of 212498 and 12012.
286
Calculate the highest common divisor of 49986666 and 216.
54
Calculate the highest common divisor of 9571263 and 3393.
39
What is the highest common factor of 53601 and 177718?
17
What is the greatest common divisor of 3792 and 416147352?
1896
Calculate the highest common factor of 4796 and 383064.
44
Calculate the highest common factor of 409 and 208.
1
What is the greatest common divisor of 64077 and 2232?
93
Calculate the greatest common divisor of 15134 and 1853586.
658
Calculate the greatest common divisor of 2552 and 70592786.
638
Calculate the highest common divisor of 72964 and 205581.
493
Calculate the greatest common factor of 43650685 and 43615.
3965
Calculate the greatest common divisor of 1442 and 3359139.
721
What is the highest common factor of 1472680 and 8360?
440
Calculate the greatest common divisor of 5805 and 1246785.
645
What is the highest common factor of 1218303 and 9?
9
What is the highest common divisor of 34780 and 2415508?
148
Calculate the greatest common factor of 18643160 and 340.
20
What is the highest common divisor of 50 and 2174701675?
25
What is the greatest common factor of 138744 and 311892?
564
What is the highest common divisor of 166586 and 654934?
2282
Calculate the highest common divisor of 23065 and 5080890.
3295
What is the highest common factor of 9726421 and 63137?
3323
Calculate the greatest common factor of 2879697 and 912.
57
Calculate the greatest common factor of 76410592 and 10208.
928
Calculate the highest common factor of 6217920 and 615696.
6096
What is the greatest common divisor of 2480 and 